of 3028453627?
3
What is the ten millions digit of 19673974?
1
What is the thousands digit of 91344831?
4
What is the billions digit of 6312955926?
6
What is the tens digit of 495671396?
9
What is the ten thousands digit of 753551235?
5
What is the ten millions digit of 137562293?
3
What is the thousands digit of 144789232?
9
What is the ten millions digit of 1979640805?
7
What is the units digit of 145796?
6
What is the millions digit of 18182147?
8
What is the millions digit of 2472762271?
2
What is the millions digit of 2220773230?
0
What is the tens digit of 759767?
6
What is the millions digit of 259823829?
9
What is the hundreds digit of 27693696?
6
What is the ten thousands digit of 880658816?
5
What is the tens digit of 44428967?
6
What is the millions digit of 49910284?
9
What is the millions digit of 1579401918?
9
What is the tens digit of 51918452?
5
What is the hundreds digit of 355862668?
6
What is the hundred millions digit of 3214745995?
2
What is the hundred thousands digit of 137279248?
2
What is the thousands digit of 241717499?
7
What is the ten millions digit of 64241368?
6
What is the ten thousands digit of 4645708508?
0
What is the tens digit of 9805547?
4
What is the thousands digit of 10577100?
7
What is the units digit of 871225326?
6
What is the ten thousands digit of 48038507?
3
What is the ten thousands digit of 48935495?
3
What is the tens digit of 60125751?
5
What is the ten thousands digit of 817886981?
8
What is the hundred millions digit of 1874423228?
8
What is the units digit of 3800634184?
4
What is the hundreds digit of 1167305103?
1
What is the tens digit of 3065689226?
2
What is the millions digit of 5286548937?
6
What is the hundred thousands digit of 8878765?
8
What is the thousands digit of 213027567?
7
What is the thousands digit of 86414314?
4
What is the ten thousands digit of 30605593?
0
What is the ten thousands digit of 19451111?
5
What is the billions digit of 1974769917?
1
What is the hundreds digit of 3646524040?
0
What is the ten thousands digit of 144975780?
7
What is the thousands digit of 61072521?
2
What is the units digit of 255883282?
2
What is the hundreds digit of 330577682?
6
What is the ten thousands digit of 30898219?
9
What is the ten millions digit of 52591103?
5
What is the units digit of 77034987?
7
What is the tens digit of 643718106?
0
What is the units digit of 247119916?
6
What is the hundreds digit of 341077003?
0
What is the millions digit of 977840537?
7
What is the ten thousands digit of 2813148990?
4
What is the millions digit of 83141150?
3
What is the hundreds digit of 63660075?
0
What is the units digit of 92140803?
3
What is the hundred millions digit of 167251491?
1
What is the hundreds digit of 301021097?
0
What is the hundred thousands digit of 2186999608?
9
What is the thousands digit of 367496221?
6
What is the hundred millions digit of 954018551?
9
What is the thousands digit of 17876262?
6
What is the thousands digit of 522420903?
0
What is the millions digit of 864105926?
4
What is the ten thousands digit of 386964123?
6
What is the millions digit of 71988298?
1
What is the hundred thousands digit of 115608577?
6
What is the thousands digit of 897219989?
9
What is the tens digit of 81973944?
4
What is the units digit of 5959958429?
9
What is the hundred millions digit of 139680778?
1
What is the hundred thousands digit of 1371503853?
5
What is the ten thousands digit of 161455128?
5
What is the hundred thousands digit of 507093078?
0
What is the ten thousands digit of 40552054?
5
What is the ten millions digit of 115398318?
1
What is the hundred thousands digit of 29895482?
8
What is the units digit of 53538238?
8
What is the ten millions digit of 18818117?
1
What is the millions digit of 1315312223?
5
What is the hundred thousands digit of 157548083?
5
What is the units digit of 379737741?
1
What is the hundred thousands digit of 2606468103?
4
What is the ten millions digit of 40424527?
4
What is the tens digit of 485028221?
2
What is the hundred thousands digit of 4103712?
1
What is the hundreds digit of 9480103?
1
What is the billions digit of 2153452854?
2
What is the ten millions digit of 589455087?
8
What is the tens digit of 138561277?
7
What is the ten thousands digit of 1364304763?
0
What is the tens digit of 114210797?
9
What is the units digit of 2929005878?
8
What is the tens digit of 963592283?
8
What is the hundreds digit of 6110721351?
3
What is the tens digit of 317552034?
3
What is the hundreds digit of 1526493645?
6
What is the hundred millions digit of 549245588?
5
What is the hundred millions digit of 789099036?
7
What is the ten thousands digit of 517680852?
8
What is the thousands digit of 6086622?
6
What is the units digit of 2654627522?
2
What is the ten millions digit of 3456411795?
5
What is the hundred thousands digit of 49697721?
6
What is the tens digit of 415054198?
9
What is the ten thousands digit of 93490433?
9
What is the hundred millions digit of 944355891?
9
What is the hundreds digit of 2790067212?
2
What is the units digit of 69594334?
4
What is the ten millions digit of 521206560?
2
What is the millions digit of 41745083?
1
What is the ten millions digit of 428676156?
2
What is the ten millions digit of 5674784838?
7
What is the tens digit of 41180552?
5
What is the millions digit of 200730215?
0
What is the units digit of 1222802522?
2
What is the ten thousands digit of 543816312?
1
What is the hundreds digit of 5439832172?
1
What is the tens digit of 192243349?
4
What is the millions digit of 120792500?
0
What is the millions digit of 263371257?
3
What is the thousands digit of 379152073?
2
What is the tens digit of 81042142?
4
What is the billions digit of 4153055276?
4
What is the hundreds digit of 198356663?
6
What is the thousands digit of 54506409?
6
What is the units digit of 28213446?
6
What is the units digit of 377445385?
5
What is the ten thousands digit of 583220561?
2
What is the tens digit of 5481848879?
7
What is the millions digit of 218696914?
8
What is the units digit of 4159173?
3
What is the billions digit of 1377920077?
1
What is the ten thousands digit of 82232459?
3
What is the hundreds digit of 145724155?
1
What is the hundreds digit of 1412732562?
5
What is the ten thousands digit of 3520852437?
5
What is the ten millions digit of 2848971085?
4
What is the hundreds digit of 56959349?
3
What is the hundred millions digit of 152679070?
1
What is the thousands digit of 14313852?
3
What is the tens digit of 107600775?
7
What is the tens digit of 51657?
5
What is the ten thousands digit of 111977874?
7
What is the millions digit of 5996013443?
6
What is the hundred thousands digit of 1162396781?
3
What is the hundred thousands digit of 125058475?
0
What is the thousands digit of 5160532800?
2
What is the tens digit of 556000499?
9
What is the hundred thousands digit of 875982888?
9
What is the ten millions digit of 30514663?
3
What is the tens digit of 10774892?
9
What is the units digit of 1275928756?
6
What is the hundreds digit of 87803311?
3
What is the hundred thousands digit of 335010471?
0
What is the millions digit of 1455246203?
5
What is the ten millions digit of 902502524?
0
What is the hundred millions digit of 8306008252?
3
What is the millions digit of 4558061?
4
What is the thousands digit of 266491576?
1
What is the tens digit of 160794308?
0
What is the hundred thousands digit of 4935311837?
3
What is the hundred thousands digit of 5796934420?
9
What is the millions digit of 11199134?
1
What is the hundred millions digit of 7120562293?
1
What is the hundred thousands digit of 154551090?
5
What is the thousands digit of 19604919?
4
What is the hundred millions digit of 217314241?
2
What is the ten millions digit of 20605934?
2
What is the tens digit of 23199840?
4
What is the hundred thousands digit of 978316234?
3
What is the thousands digit of 3683996543?
6
What is the ten thousands digit of 24525449?
2
What is the ten thousands digit of 540843290?
4
What is the thousands digit of 204256400?
6
What is the units digit of 3225732344?
4
What is the millions digit of 50871447?
0
What is the tens digit of 2701678186?
8
What is the hundred thousands digit of 662727720?
7
What is th